v be p(-1). Suppose v*t = 6, 12 = q + 3*t - 20. Let z = q - -44. List the prime factors of z.
67
Suppose 0 = -5*u - 8*u + 2*u. Suppose u = l, p - l = l. Suppose -4*q = -r - 0*r - 337, 5*q + r - 410 = p. What are the prime factors of q?
83
List the prime factors of 137/((-16)/40 + (-2724)/(-1935) + -1).
3, 43, 137
Let k = 1137 + 48930. What are the prime factors of k?
3, 5563
Suppose 0 = w - 1, 2*t + w = 12833. Let s be ((-2)/(-8))/(((-20)/t)/(-5)). Suppose -2*o + s = -2*i + 3*i, -3*o + 5*i + 569 = 0. What are the prime factors of o?
2, 3, 11
Suppose 2*x = 3*q - 1646, -610 - 483 = -2*q - 3*x. Suppose 4*o - 822 = -3*t, 5*o - q = -2*t + 3*o. List the prime factors of t.
2, 137
Let l(q) = -q**2 - 59*q - 208. List the prime factors of l(-12).
2, 89
Let p(g) = 22*g**2 + 14*g - 10. Let l be p(17). Suppose -3949 = -3*c - 2*j + 4*j, 0 = 5*c + j - l. List the prime factors of c.
3, 439
Let f = -99 - -136. Suppose f*w - 22336 = 5*w. List the prime factors of w.
2, 349
Let f = 28 + -28. Suppose 0 = -4*w - 4*z + 76, -5*w + z = -f*z - 107. Let v(j) = -j**2 + 30*j - 18. What are the prime factors of v(w)?
3, 19
Suppose -u + 1484 = -a - 10347, 0 = -2*u - 2*a + 23686. List the prime factors of u.
7, 19, 89
What are the prime factors of (3888/729)/(2/(-12618)*-1)?
2, 3, 701
Suppose -30 = 5*y - 6*y. Suppose -p = 5*z + 71 + 79, z + y = 5*p. Let c = z - -36. List the prime factors of c.
2, 3
Let i(a) = -21*a**3 - 5*a**2 - 9*a - 45. List the prime factors of i(-3).
2, 3, 7
Let i = 12815 - -49. Suppose 53*b - 41*b - i = 0. List the prime factors of b.
2, 67
Let c = -219 + 174. Let j = 231 - c. List the prime factors of j.
2, 3, 23
Let n(y) = 81*y + 22. Let g be (49 + 3)/4 - 1. What are the prime factors of n(g)?
2, 7, 71
Suppose 5*k = -5*g + 8 + 42, 3*k + 4*g = 35. Suppose -h - k*c + 53 = 0, -4*h + 3*c = -194 + 51. List the prime factors of h.
2, 19
Suppose -159258 = -52*r + 30*r. List the prime factors of r.
3, 19, 127
Suppose 3*b - 1368 = -t - 195, 5808 = 5*t - 4*b. Suppose c - 4*c + t = 0. What are the prime factors of c?
2, 97
What are the prime factors of (3 + (-1)/((-4)/(-2)))*1030?
5, 103
Let y(f) = -f**3 - 7*f**2 - 4*f - 17. Let o(c) = -c**3 + 8*c**2 - 13*c + 1. Let q be o(6). Let v be y(q). Let r = 21 - v. List the prime factors of r.
2, 17
Let x = -116 + 321. Let o = 252 - x. List the prime factors of o.
47
Let m be (-3)/((-27)/12000) - 8/6. Suppose 4*l + p = m + 109, 1802 = 5*l + 2*p. What are the prime factors of l?
2, 3, 5
Suppose 9*y + 7 = 10*y. Suppose 0 = 3*j - y*j + 76. Let r = 188 - j. List the prime factors of r.
13
Suppose 2*t + 5*l - 2*l = 9, -4*l = 5*t - 19. Suppose 0 = -a + 4*m - 5, 0 = t*a + 4*m - m + 75. Let h = a + 59. List the prime factors of h.
2, 19
Suppose -14*y + 19946 = 178. Suppose 3*i + 4*m = -85 + y, -m = -5*i + 2204. What are the prime factors of i?
3, 7
Let i(c) be the third derivative of c**5/20 + c**4/3 - 10*c**3/3 - 2*c**2 - 474*c. Let s(x) = x**2 - 6*x + 7. Let j be s(6). What are the prime factors of i(j)?
3, 61
Let b(x) = -x**3 - 23*x**2 + 31. Let f be b(-23). Suppose 0 = 5*w - f + 6. List the prime factors of (-3)/(-7) + w + 9390/42.
229
Let s = -33 - -45. Let p be -46*(s/18 - (-52)/(-6)). Suppose i + 3*i = p. What are the prime factors of i?
2, 23
Let y be 3/(-2)*(-12 + 10). Suppose -y*m - 6*m = -432. What are the prime factors of (125/4)/(6/m)?
2, 5
Let f be ((-7)/(-5))/(6/(-30)*1). Let k(i) = 29*i**2 + 17*i - 28. What are the prime factors of k(f)?
2, 7, 13
Let m(l) = -l**2 - 17*l + 74. Let x be m(-21). Let a(s) = s**3 + 11*s**2 + 3*s + 34. Let z be a(x). Let u = z + -19. List the prime factors of u.
5, 17
Let t(v) = v**3 - 5*v**2 + v + 3. Let n(y) be the third derivative of -y**4/24 - 7*y**2. Let k be n(-5). What are the prime factors of t(k)?
2
Let b(c) = 308*c + 31. What are the prime factors of b(3)?
5, 191
Let a(v) = 10843*v - 63. List the prime factors of a(1).
2, 5, 7, 11
Let l(v) = -66 - 34*v - 30*v + 56*v. List the prime factors of l(-13).
2, 19
Suppose -31*l + 2281 = -27*l - 5*w, 0 = 2*w - 6. Suppose -4*k + l = -410. List the prime factors of k.
2, 3, 41
Let u(o) = o**3 - o**2 - 6*o + 5. Let h be u(2). Let f(p) = -7*p - 5. Let g be f(h). Suppose -1913 = -g*j + 1975. List the prime factors of j.
3
Suppose 0 = 16*k - 22*k + 8286. Suppose k = 9*x - 4496. What are the prime factors of x?
653
Let h(f) = 175*f**2 - 7*f + 2. Suppose 11*p - 24 = -2. List the prime factors of h(p).
2, 43
Let h = -14159 - -21133. What are the prime factors of h?
2, 11, 317
Let d(u) = 118*u**3 + u - 2. Let x be (2 + 1 + -2)*(7 - 2). Suppose 2 = -3*n + x*a + 10, 3*n = 4*a + 7. What are the prime factors of d(n)?
3, 13
Suppose -i = -3*q - 35, -3*i + 20 = -5*q - 45. Let n(d) = -58*d - 30. What are the prime factors of n(q)?
2, 5, 11
List the prime factors of (-42)/(-6)*(433 + 1 + -7).
7, 61
Let g = -1023 - -1028. Let i(a) = 6*a**2 - 2*a - 6. Let n be i(-4). Suppose -5*b + 595 = 5*p, 0 = -g*b + 4*p - n + 657. List the prime factors of b.
5, 23
Suppose -17*d + 159 = 23. Let w(f) = 89*f - 32. What are the prime factors of w(d)?
2, 5, 17
Suppose 6*m + 3 = 3*m, -o = -4*m - 31. Suppose 23*k + 104 = o*k. List the prime factors of k.
2, 13
Let r(t) = 36*t**2 - 8*t + 5. Let a be r(9). Let c = -1304 + a. What are the prime factors of c?
3, 5, 103
Let t(j) = -2*j**2 - 39*j + 26. Let i be t(-20). Suppose 40 = i*z - 62. Suppose g - 76 = z. What are the prime factors of g?
3, 31
Let z(l) = -15*l**2 + 788*l + 128. What are the prime factors of z(42)?
2, 19, 89
Suppose -u + 2*b + 29 = -b, -u + 25 = -5*b. Let d = u - 37. What are the prime factors of ((-2)/(-4))/((-3 - d)/(-204))?
2, 3, 17
Suppose 3*k = k + 6*k. Let o(w) = -w**2 - w + 3. Let r be o(k). List the prime factors of -1*(1 + (r + 1)*-12).
47
Let g(i) = 4*i + 8. Let v be g(7). Let j = 40 - v. List the prime factors of (-60)/(-4) + j/2.
17
Suppose 461 = 4*d + 53. Suppose 318 = 3*k + 30. What are the prime factors of k/(-64)*d*-1?
3, 17
Let n(l) be the first derivative of 2*l**3/3 - l**2 + 8. Let j be n(2). Suppose -j*c - 3*d = -67, 0 = -c + 4*d + 12. What are the prime factors of c?
2
Let i be 1/(3 - -1) - 30/(-8). Suppose i*d - 254 = -3*r, 2*r - 4*r - 4*d = -168. List the prime factors of r.
2, 43
Let z(m) be the third derivative of m**6/120 + 17*m**5/60 + 13*m**4/8 + 7*m**3 + 7*m**2 - 2*m. List the prime factors of z(-12).
2, 3, 7
Suppose 0 = -73*h + 69*h - 8, 54314 = 4*a + 3*h. List the prime factors of a.
2, 5, 7, 97
Let w(v) = 657*v**3 + 4*v**2 + v - 3. Let y be w(1). Let a = 1299 - y. What are the prime factors of a?
2, 5
Let o = -28 - -45. Suppose -k + 2*z + 28 = 0, -4*k - 3*z + 40 + o = 0. List the prime factors of (-104)/(-3) - (-11 - -5)/k.
5, 7
Let k(s) = 34 - 19 + 222 - s + 108 - 5*s**2. What are the prime factors of k(0)?
3, 5, 23
Suppose d - 3*u - 7003 = 0, 0 = -4*d - 4*u + 13744 + 14172. List the prime factors of d.
5, 11, 127
Let a = -4965 - -13928. What are the prime factors of a?
8963
What are the prime factors of 34296/(-9)*3876/(-304)?
2, 17, 1429
Let q(w) = 643*w**2 - 10*w + 29. What are the prime factors of q(3)?
2, 11, 263
Let i be 1/2 - (-12121)/34. Suppose -i = -r - 47. List the prime factors of r.
2, 5, 31
Suppose -13*w + 19*w - 66342 = 0. Suppose 0 = -7*h - 95 + w. What are the prime factors of h?
2, 3, 29
Let y = -196 - -204. Let d(x) be the second derivative of 23*x**3/6 + 7*x**2/2 - 8*x. List the prime factors of d(y).
191
Suppose 76410 = 55*n - 49*n. Suppose 0 = -18*v + 3*v + n. Suppose 123 = -6*j + v. List the prime factors of j.
11
Let b be -3 - (5/(10/(-46)) - 3). Let n(y) = -y**3 + 22*y**2 + 25*y - 11. List the prime factors of n(b).
5, 7
Let a(o) = o**3 + 6*o**2 + 10*o + 2. Let r be a(-4). What are the prime factors of r + 5/(10/1144)?
2, 283
Let n(k) = 6*k**2 - 37*k - 5. Let u be n(6). What are the prime factors of 3*u/(264/(-6256))?
2, 17, 23
Suppose 51*j - 22680 = -64*j + 7*j. List the prime factors of j.
2, 3, 5, 7
Suppose 0 = -10*v + 9*v - 34. Let a be 4/(-34) + (-72)/v. Suppose 46 = 3*i - a*i. List the prime factors of i.
2, 23
Let h(k) = -14*k - 149. Let l be h(-15). Suppose -a = -3*f - 328, a + l - 381 = -5*f. List the prime factors of a.
5, 13
Let l(q) = -29*q - 56. Let d be l(-2). Suppose 4*f + d*p - 795 - 3403 = 0, 5*f + 4*p = 5255. What are the 